14) is divided by 16?
14
Let o(v) = -v**2 + 42*v. Calculate the remainder when o(12) is divided by 115.
15
Let o(f) = 10*f**3 - 7*f - 5*f**3 + 19*f**3 + 2*f**2 + 6*f. Let b(i) = -i - 1. Let p be b(-2). Calculate the remainder when 98 is divided by o(p).
23
Let r = -1232 - -1294. Calculate the remainder when 173 is divided by r.
49
Let k(o) = o + 37. Let m be -38 - (-3 + 1 + -2 - 0). Calculate the remainder when 15 is divided by k(m).
0
Let v = -603 + 610. Calculate the remainder when 10 is divided by v.
3
Suppose 0 = -l + 15 + 7. Suppose 0 = -2*y + y + 9. Calculate the remainder when l is divided by 74/y + 18/(-81).
6
Let l = 21 + -34. Let k = l - 26. Calculate the remainder when k/(-2) + (-4)/(-8) is divided by 8.
4
Suppose c - 14 = -c. Let o(m) = 30*m - 208. Let g be o(7). What is the remainder when 47 is divided by c*g + 6 + -7?
8
Suppose -m = -3*m - h + 69, m + 2*h = 33. Calculate the remainder when m is divided by 18/3 - (-2 + -1).
8
Let c = -105 + 157. Suppose 42 = 3*s + b, 5*s - s + 4*b - 56 = 0. What is the remainder when c is divided by s?
10
Let d(i) be the second derivative of i**4/12 + i**3/3 + i. Let m be (-5 + 10/4)*-2. What is the remainder when d(m) is divided by 12?
11
Let o = 259 - -98. Let k = -180 + o. Calculate the remainder when k is divided by 12.
9
Suppose -7*b + 153 = 10*b. Let t = 86 + -61. Calculate the remainder when t is divided by b.
7
Suppose 3*k - 124 = 2*x, -117 = -4*k + 3*x + 49. Calculate the remainder when 88 is divided by k.
8
Let g(t) = 22*t - 54. Calculate the remainder when g(3) is divided by 2.
0
Let k(i) = i**3 + 8*i**2 - 28*i - 49. What is the remainder when k(-10) is divided by 13?
5
Let y be 33/(-7) - 2/7. Suppose -3*x - 12 = -66. Let b = y + x. Calculate the remainder when 38 is divided by b.
12
Suppose -28 - 82 = -22*o. Calculate the remainder when 18 is divided by o.
3
What is the remainder when -458*(-7)/((-28)/(-8)) is divided by 131?
130
Let h = -43 - -58. Suppose 0 = 4*y + 4*t - 36, -4*t = -y - 8*t + h. Calculate the remainder when y is divided by 1.
0
Let v(t) = -t**2 - 16*t + 32. What is the remainder when 28 is divided by v(-17)?
13
Suppose -g + 46 = -4. Let q(m) = m - 5. Let v be q(17). Suppose w + 2*c - 26 = -w, 3*c + v = 0. What is the remainder when g is divided by w?
16
Let l = 56 - 23. Let w = -46 + 46. Suppose -2*c = -w*c - 36. What is the remainder when l is divided by c?
15
What is the remainder when -17 + 61 + -3*2 + -5 is divided by 20 + (0 + -3 - -1)?
15
Let g(m) = m**3 + 4*m**2 - 3*m - 4. Let v be g(-4). Let k(l) = -l**2 + 12*l - 8. What is the remainder when 47 is divided by k(v)?
23
Let v be 12/(-4) - (-80 + 0). Suppose -5*x + v = -38. Calculate the remainder when (0 - -2) + -4 + 46 is divided by x.
21
Suppose -5*m + i = 2*i - 430, -5*m + 5*i + 460 = 0. Let h(d) = d**3 + 7*d**2 + 16*d + 27. What is the remainder when m is divided by h(-3)?
12
Let g(d) = -5*d - 3. Let t(u) be the third derivative of -u**5/60 + 7*u**4/24 + u**3/3 - 7*u**2. What is the remainder when g(-3) is divided by t(6)?
4
Suppose -39*n + 38*n + a = -39, 3*n = a + 125. What is the remainder when n is divided by 12?
7
Let c = 14 - -100. What is the remainder when c is divided by 17?
12
Let d(g) = g + 47. Calculate the remainder when 201 is divided by d(2).
5
Let m = -2877 - -2885. Suppose 186 + 39 = 5*u. What is the remainder when u is divided by m?
5
Let p(d) = -d**2 - d + 3. Let t be p(-2). What is the remainder when 4/(-14) - (-226)/7 is divided by 1*t/(-6) + (-721)/(-42)?
15
Let p(n) = 7*n**2 + n + 1. Let i be p(2). Suppose 5*r + i = 2*u - 37, 0 = 3*u - 2*r - 113. Let h(z) = 4*z + 4. What is the remainder when u is divided by h(4)?
19
Calculate the remainder when 218/1199 - (1582/(-11) + 2) is divided by 49.
44
Suppose 0 = 49*z + 272 - 1252. What is the remainder when (2/(-4))/((-3)/330) is divided by z?
15
Suppose -2*g - 1 = 1, -3*l + 5*g = -44. Let a(w) = -3*w - 7. Let u be a(-4). Suppose -u*x = -3*x - 70. What is the remainder when x is divided by l?
9
Suppose 3*k + 172 = 2*k. Let n = k + 249. Calculate the remainder when n is divided by 20.
17
Suppose -4*q + 0*q + 48 = -b, -q + 31 = -5*b. Let z = q - 0. What is the remainder when 14 is divided by z?
3
Let f(c) = c**3 - 17*c**2 + c - 15. Let x be f(17). Suppose 6*k - x*k = 56. Calculate the remainder when 21 is divided by k.
7
Suppose 44*v - 39*v = 350. Suppose s = -4*s + v. Calculate the remainder when s is divided by 6.
2
Let i = 11 - 8. Let c be 4 + 0 + -1 + i. Let m(u) = -u**3 + 5*u**2 + 8*u - 8. Calculate the remainder when 7 is divided by m(c).
3
Let p(b) = 2*b**2 - 15*b - 7. Let j be p(8). Calculate the remainder when (-354)/12*(j - 3) is divided by 30.
29
Let d = -28 + 27. What is the remainder when 122 is divided by (5 + -55)*d/2?
22
Let a(w) = -12*w - 1. Let c be a(1). Let q be (0 + 0)*13/c. Suppose -f = 3*o - 9 - 2, q = -3*f + 3*o + 81. Calculate the remainder when 43 is divided by f.
20
Suppose 124 = 2*v + 2*v. What is the remainder when v is divided by 150/105*7 + 1/1?
9
Let m(x) = -x**2 + 19*x - 4. Let b = 76 + -58. What is the remainder when 39 is divided by m(b)?
11
Let c(j) = 6*j**2 - 68*j + 18. What is the remainder when c(13) is divided by 25?
23
Let w = -166 + 295. Suppose 0 = -13*r + w + 79. What is the remainder when 158 is divided by r?
14
Let b = 4 - -27. Calculate the remainder when 89 is divided by b.
27
Suppose -6 - 79 = -5*w. What is the remainder when 27 is divided by w?
10
Suppose 0 = -39*p + 120 + 36. Let g = 9 + -13. Calculate the remainder when p is divided by (-13)/g + 2/(-8).
1
Let x(d) = -8*d - 170. What is the remainder when 131 is divided by x(-24)?
21
Suppose -37 = 2*m + i, -5*m - 97 = 6*i - 5*i. Let q = m + 42. Suppose 5*o + 3 = 43. Calculate the remainder when q is divided by o.
6
Let s = 9 + 17. Let u = -1007 + 1021. Calculate the remainder when s is divided by u.
12
Suppose -3*f + 1 + 8 = 0. Let x(k) = 3*k**3 - k**2 - 2*k + 3. Let h be x(f). Suppose j + 11 = h. Calculate the remainder when j is divided by 20.
18
Suppose -2*d + 9 = -s - 35, -2*s + 72 = 4*d. Calculate the remainder when 50 is divided by d.
10
Let q = -2 - -11. What is the remainder when 12/q*45/6 is divided by (-128)/(-22) + 54/297?
4
Suppose a - 4*a = -57. Let v = 1055 + -1048. Calculate the remainder when a is divided by v.
5
Calculate the remainder when 108 is divided by -5 + -3*(-370)/30.
12
Let c = 1964 + -1959. Calculate the remainder when 102 is divided by c.
2
Let j = -208 - -289. Calculate the remainder when j is divided by 29.
23
Let c = 14 + 17. Calculate the remainder when c is divided by 4 + (-129)/30 - 1956/(-120).
15
Let l(k) = -k**3 + 19*k**2 + 33*k - 98. What is the remainder when l(20) is divided by 34?
26
Suppose -1317 = -4*z + 83. What is the remainder when z is divided by 22?
20
Let c(k) = -14*k**2. Let u be c(1). Let l = 26 + u. Suppose 0 = 5*j - l - 23. Calculate the remainder when 12 is divided by j.
5
Suppose g - 3*a = -10, -7 = 5*g - 4*a - 1. Calculate the remainder when g is divided by 3 + ((-1)/(-2) - 27/18).
0
Let x(n) = -n**3 + 8*n**2 - 8*n + 7. Let k be x(7). Suppose k*p = 5*p - 70. Let t = 1416 - 1363. Calculate the remainder when t is divided by p.
11
Let b = 287 - 266. Calculate the remainder when 52 is divided by b.
10
Suppose -y - 4*p = -2*y - 10, 2*y = p + 8. Let l be (-2)/y + 22/(-6). Calculate the remainder when 35 is divided by l/10 - (-235)/25.
8
Let i(h) be the second derivative of -h**4/12 + h**3/2 + 3*h**2 - 4*h. Suppose -f = -6*f + 105. Calculate the remainder when f is divided by i(3).
3
Let n(w) = w. Let c = -56 - -62. Calculate the remainder when n(c) is divided by 4.
2
Suppose 0 = -9*s + 19 - 1. Suppose s*z - 201 = 7*f - 4*f, 0 = z + 4*f - 73. What is the remainder when z is divided by 19?
17
Let z(f) = -f**2 + 11*f - 7. Let h be 51/12 - (-4)/(-16). What is the remainder when 40 is divided by z(h)?
19
Let c = 0 + 2. Suppose -c*k = -0*k - 48. Calculate the remainder when ((-1 - 0)*-95)/1 is divided by k.
23
Let p = 3437 - 3416. Let v(u) = -u - 1. Let a be v(-6). Let n(s) = 11*s + 4. What is the remainder when n(a) is divided by p?
17
Let i(o) = 2*o**2 + 5*o - 50. Let p(x) = x**3 - 11*x**2 + 2*x - 16. Let w be p(11). Calculate the remainder when 203 is divided by i(w).
47
Suppose -53 = -3*v -